ose 4*u - 368 - 64 = 0. Suppose 3*i - 8*i + 20 = 0. Suppose 5*h - 64 = 3*p - 7, 0 = i*h + p - 49. Calculate the greatest common factor of u and h.
12
Suppose i - 28 = -5*t - 1, -2*i = -2*t + 18. Suppose t*s = -8*s + 140. What is the greatest common divisor of s and 16?
2
Let b be 17/1 - 548762/(-334). What is the greatest common divisor of 140 and b?
20
Let s = -173 + 194. Suppose 4*i - 321 = 3*g, 30*g = -5*i + 26*g + 440. Calculate the greatest common factor of i and s.
21
Let f(q) = 152*q - 357. Let r be f(-8). Let v = r - -1690. Let d(k) = -4*k - 3. Let g be d(-4). Calculate the greatest common divisor of v and g.
13
Let j(k) = 5*k**3 - 42*k**2 + 19*k + 2. Let m be j(8). Calculate the greatest common divisor of m and 8801.
13
Suppose 332*y = 333*y - 5, 2*y - 68 = -2*d. What is the greatest common factor of 2639 and d?
29
Suppose -208*l + 948 = -204*l. What is the highest common divisor of 632 and l?
79
Let v(h) = h**3 + 2*h**2 - h - 4. Let p be v(-3). Let j be (-738)/(-36) + (-9)/6. Let u = j + p. What is the highest common divisor of 99 and u?
9
Let z be -1*3/(21/2) + 90774/189. Let m(o) = 9*o**2 + 2*o + 3. Let v be m(-1). What is the highest common factor of z and v?
10
Let l(u) = 38*u**2 + 230*u + 23. Let q be l(-6). What is the greatest common factor of 209 and q?
11
Let o = 100 + -58. Let k = 49 - o. Suppose -4 = -k*t + 227. Calculate the greatest common divisor of 22 and t.
11
Let v(b) = b**3 + 13*b**2 + 15*b + 38. Let l be v(-12). Let r be ((0 - -6)/l)/(1/33). What is the greatest common divisor of 44 and r?
11
Suppose -15*p + 79 + 11 = 0. Calculate the highest common factor of 75 and p.
3
Let f = 0 - 24. Suppose -158 + 66 = 4*w. Let r = w - f. What is the highest common divisor of r and 3?
1
Let q = 27 - -15. Suppose -4*i = 3*n - 14 - 2, 2*n - i = 7. Suppose 96 = 3*y + n*r, 0*y - 5*r - 97 = -4*y. Calculate the greatest common factor of q and y.
14
Let f be 694 - (-4 - (3 + -5)). Let h = 10524 + -10500. What is the highest common divisor of h and f?
24
Let n = -457 - -462. Suppose -n*o - 113 = -4858. Calculate the greatest common factor of o and 13.
13
Let j = -588 - -592. Suppose 3*k - 98 + 978 = 4*o, 2*k + 880 = j*o. Calculate the highest common factor of 88 and o.
44
Suppose -2*z = -x - 3*x - 192, 4*x - 12 = 0. Let w(c) = c**2 + 9*c + 49. Let k be w(-14). Calculate the highest common divisor of z and k.
17
Suppose 13*k + 416 = 65*k. Suppose 0 = 4*g, y - 5*g + 279 = 32. Let r = -143 - y. Calculate the highest common divisor of k and r.
8
Let t = -4 - -16. Let n(h) = 6*h - 59. Let g be n(32). Let k be (912/g)/((-1)/(-14)). Calculate the highest common divisor of k and t.
12
Let x be (-1 - -19)*20/3. Suppose 0 = 11*t + 55, 0 = 4*r + t - 1313 + 118. Calculate the highest common divisor of x and r.
60
Let d be (-22)/(-2) + (-2)/1. Suppose -527 = -l - 2*g, 2*l + 575*g - 1021 = 568*g. Calculate the highest common factor of d and l.
9
Suppose -93*g - 1213 = 289*g - 3123. What is the highest common factor of g and 2155?
5
Suppose 312 = 4*v + 52. Suppose -u - v = -235. Let x be 9/(-4)*(-52496)/3474. Calculate the highest common divisor of x and u.
34
Let n be (-350)/(-105) - (-1 - 4/(-3)). Let b(o) = 222 + 2*o + 6*o - o - n*o. Let p be b(0). Calculate the greatest common divisor of 37 and p.
37
Let c = 22 + 42. Suppose -i = 3*m - 47 - 294, -4*i = 3*m - 356. What is the greatest common factor of m and c?
16
Let c(z) = -271*z**3 + 9*z**2 + 16*z - 14. Let t be c(-3). Calculate the greatest common divisor of t and 8.
8
Let r(b) = 1177*b + 3056. Let t be r(-2). Calculate the greatest common divisor of t and 182.
26
Let f = 33068 - 32648. What is the highest common divisor of 1380 and f?
60
Let d(h) = 5*h**2 + 21*h - 8. Let m be d(3). What is the greatest common factor of 2425 and m?
25
Let o be (16/(-8))/(0 + (-2)/(-17)). Let v = 47 - o. Calculate the greatest common factor of 80 and v.
16
Suppose -469 = -4*a + 5*z, -135*a - 3*z + 461 = -131*a. What is the greatest common divisor of a and 2407?
29
Let u be ((-39)/26)/((-3)/58). Suppose 0 = -5*w + d + 62, 2*w = -3*d + 2*d + u. Let j be (-2)/3*(-234)/12. What is the highest common divisor of j and w?
13
Let v be (-56)/1 - 7*(-50)/(-70). Let k = 133 + v. Calculate the highest common factor of k and 54.
18
Suppose -85 - 1046 = -63*n + 192. Let q = -98 - -217. What is the highest common divisor of n and q?
7
Let o = 2051 - 2042. Let w = 39 - 75. Let d = 54 + w. Calculate the highest common factor of d and o.
9
Suppose 0 = -3702*y + 3705*y - 3*u - 90, 3*y - 2*u = 98. What is the highest common factor of y and 13908?
38
Let i be (-3139)/(-146)*(0 - 2*2). Let b = i - -108. What is the greatest common divisor of b and 319?
11
Let p(u) = 4*u**2 - 132*u - 95. Let z be p(-7). Calculate the greatest common divisor of z and 41.
41
Let k(a) = -a**3 - 10*a - 15. Let v be k(-3). Suppose -5*j = 5*b - 100, -v = -2*j - 4*b + 6. Calculate the greatest common divisor of j and 144.
16
Let z(k) = k**3 + 13*k**2 + 11*k + 13. Let d(p) = -p + 122. Let u be d(0). Let j = 113 - u. Let y be z(j). What is the greatest common divisor of y and 14?
14
Suppose 0 = 85*i + 4178 - 324288. What is the greatest common divisor of 28 and i?
14
Let b(p) = p**2 + 18*p - 14. Let v be b(-19). Suppose 25 = 5*y, -2*i = -v*y + 2*y - 25. What is the greatest common divisor of i and 30?
10
Let a = 1791 - 1789. Calculate the highest common factor of a and 2234.
2
Let c be ((-612)/5814)/((-2)/114). What is the greatest common divisor of c and 1338?
6
Let t = 22 + -14. Suppose -193*b + 73*b + 1448 = 242*b. What is the highest common divisor of b and t?
4
Let i be (-175)/(-10) + (-2)/4. Suppose 103 = 4*n + s + 38, 2*s - 11 = -n. What is the greatest common divisor of i and n?
17
Suppose -8*v = -17 - 7. Let i be (-4)/1*((-6)/(-3) - v). Let m(a) = 2*a + 11. Let w be m(i). Calculate the highest common divisor of w and 209.
19
Let o = -12167 - -14301. Calculate the highest common factor of o and 4.
2
Let z = 2044 - 2002. Calculate the greatest common divisor of z and 2709.
21
Let x be 0*1/(-24)*4. Let u be -3 + 7/1 + 77 + x. Calculate the highest common factor of u and 216.
27
Suppose -116*r + 1763 = -93. Calculate the highest common divisor of 1552 and r.
16
Suppose 3*a - 548 = -2*y, -a - y - 241 = -423. What is the highest common divisor of a and 304?
8
Let s be (1 + 4 - 3) + 154. Suppose -33*w - 19*w + s = 0. What is the highest common factor of w and 57?
3
Let x = 3380 + -3345. Calculate the greatest common factor of x and 217.
7
Let k(x) = x**3 - 7*x**2 + 3*x - 8. Let h be ((-14)/(-2))/(5 - 4). Let y be k(h). Let v = y - 4. Calculate the greatest common divisor of 72 and v.
9
Let q(s) = 2*s**3 + 2*s**2 + 4*s - 5. Let l be q(1). Suppose -4*b + 3*c + 236 = 0, -2*c = -l*b + 131 + 45. What is the highest common factor of 21 and b?
7
Let s be -2 + 42/(-28)*(-11)/(33/2372). Calculate the greatest common factor of 740 and s.
148
Let b be 10/(-3)*(238/(-105) - 24/18). Calculate the highest common factor of b and 1623.
3
Let a = 17 + -9. Let p be 107 + -8*39/104. Calculate the greatest common divisor of p and a.
8
Suppose -86 = -2*r + 4*d, -16 = -2420*r + 2413*r - 5*d. Let f = -32 + 84. Calculate the highest common divisor of r and f.
13
Let t be ((-6)/(-9))/(4/54). Let u = 26 - t. Let p = 836 - 802. What is the greatest common factor of u and p?
17
Let i(p) = -p + 76. Let m(z) = -4*z - 44. Let s be m(-11). Let c be i(s). Calculate the greatest common divisor of c and 19.
19
Let t be 5 + -4*(-6)/(-12). Suppose 3*i - 4 = 2, 2*i = -4*s + 452. Suppose 3*g - s = -4*r - 1, -5*r = -15. Calculate the greatest common factor of g and t.
3
Suppose 3*m - 52 - 8 = 0. Let u = -638 + 958. Suppose -12*v + 14*v = u. Calculate the highest common divisor of m and v.
20
Let i be 1 + 0 + 3 - (-28 - 2683). What is the highest common factor of 15 and i?
15
Suppose 48 = 53*r - 41*r. Let z be r/5 + (-228937)/(-235). Calculate the highest common divisor of z and 39.
39
Suppose 171*t = 57*t + 58140. What is the greatest common divisor of t and 60?
30
Suppose 2081*a - 2079*a = 2*m + 88380, 4*m - 44200 = -a. What is the highest common divisor of a and 32?
32
Suppose 16 - 4 = 4*n. Let t = -6124 - -6220. Calculate the highest common divisor of n and t.
3
Let y = -3193 + 4324. What 